{"id":318,"date":"2023-07-22T00:47:36","date_gmt":"2023-07-22T00:47:36","guid":{"rendered":"https:\/\/santuariodeladiosa.com\/?post_type=product&#038;p=318"},"modified":"2026-01-26T17:41:25","modified_gmt":"2026-01-26T17:41:25","slug":"brujeria-ancestral-historia-y-paganismo-tomo-i","status":"publish","type":"product","link":"https:\/\/santuariodeladiosa.com\/?product=brujeria-ancestral-historia-y-paganismo-tomo-i","title":{"rendered":"Brujer\u00eda Ancestral (Historia y Paganismo) &#8211; Tomo I"},"content":{"rendered":"","protected":false},"excerpt":{"rendered":"<p><span style=\"font-size: 14pt;\"><em>\u00bfTe gustar\u00eda entender el Paganismo? \u00bfconocer los secretos de la magia? Brujer\u00eda Ancestral<\/em> es un camino repleto de aprendizajes para tu desarrollo personal, en este libro podr\u00e1s aprender las bases hist\u00f3ricas y formar los cimientos de tu practica m\u00e1gica.<\/span><\/p>\n<blockquote>\n<p><span style=\"font-size: 14pt;\"><em><strong>Este es el primer tomo de una colecci\u00f3n que incluye tres libros de estudio ideales para estudiosos del tema. Incluye cerca de 260 p\u00e1ginas con informaci\u00f3n hist\u00f3rica, reflexiones e investigaci\u00f3n, es la compilaci\u00f3n de a\u00f1os de estudio por parte de Holkroft, es el traspaso directo de sus diarios de apuntes hasta tu hogar, una mirada intima a su propia b\u00fasqueda del conocimiento&#8230;<\/strong><\/em><\/span><\/p>\n<p><span style=\"font-size: 14pt;\">Si deseas ir m\u00e1s all\u00e1 en tu camino, este libro es ideal para ti&#8230;<\/span><\/p>\n<\/blockquote>\n","protected":false},"featured_media":319,"comment_status":"open","ping_status":"closed","template":"","meta":{"om_disable_all_campaigns":false},"product_cat":[15],"product_tag":[],"acf":[],"_links":{"self":[{"href":"https:\/\/santuariodeladiosa.com\/index.php?rest_route=\/wp\/v2\/product\/318"}],"collection":[{"href":"https:\/\/santuariodeladiosa.com\/index.php?rest_route=\/wp\/v2\/product"}],"about":[{"href":"https:\/\/santuariodeladiosa.com\/index.php?rest_route=\/wp\/v2\/types\/product"}],"replies":[{"embeddable":true,"href":"https:\/\/santuariodeladiosa.com\/index.php?rest_route=%2Fwp%2Fv2%2Fcomments&post=318"}],"wp:featuredmedia":[{"embeddable":true,"href":"https:\/\/santuariodeladiosa.com\/index.php?rest_route=\/wp\/v2\/media\/319"}],"wp:attachment":[{"href":"https:\/\/santuariodeladiosa.com\/index.php?rest_route=%2Fwp%2Fv2%2Fmedia&parent=318"}],"wp:term":[{"taxonomy":"product_cat","embeddable":true,"href":"https:\/\/santuariodeladiosa.com\/index.php?rest_route=%2Fwp%2Fv2%2Fproduct_cat&post=318"},{"taxonomy":"product_tag","embeddable":true,"href":"https:\/\/santuariodeladiosa.com\/index.php?rest_route=%2Fwp%2Fv2%2Fproduct_tag&post=318"}],"curies":[{"name":"wp","href":"https:\/\/api.w.org\/{rel}","templated":true}]}}