{"id":69,"date":"2023-04-06T18:52:51","date_gmt":"2023-04-06T18:52:51","guid":{"rendered":"https:\/\/santuariodeladiosa.com\/?page_id=69"},"modified":"2026-01-28T19:20:34","modified_gmt":"2026-01-28T19:20:34","slug":"comunidad","status":"publish","type":"page","link":"https:\/\/santuariodeladiosa.com\/?page_id=69","title":{"rendered":"Comunidad"},"content":{"rendered":"\n\n\t\t\t\t<img decoding=\"async\" src=\"https:\/\/santuariodeladiosa.com\/wp-content\/uploads\/2023\/04\/InShot_20230424_145942866-scaled.jpg\" alt=\"InShot_20230424_145942866\" itemprop=\"image\" title=\"InShot_20230424_145942866\" onerror=\"this.style.display='none'\" loading=\"lazy\" \/>\n\t<p><em><strong>El camino espiritual es un sendero solitario<\/strong>, la verdad es que nadie puede transitarlo por ti, es tu decisi\u00f3n y responsabilidad. A pesar de ello en el <strong>Paganismo\u00a0<\/strong>compartimos la b\u00fasqueda y nos acompa\u00f1amos en el proceso. Que sea un viaje solitario no implica que otros no lo hayan vivido antes y no puedan compartirnos su experiencia, los <strong>Paganos<\/strong> nos reunimos para apoyarnos en las distintas etapas de ese viaje, de esa b\u00fasqueda de sentido e identidad.<\/em><\/p>\n<p>Nuestros ancestros viv\u00edan en clanes y tribus porque sab\u00edan que el trabajo colaborativo nos ayuda a potenciar todas nuestras habilidades, y a reflejar nuestras flaquezas. <strong><em>Para los<\/em> Paganos el individualismo no tiene sentido<\/strong>, todas las experiencias humanas tienen factores colectivos, nuestras estructuras de pensamiento, sociedad y cultural se basan en arquetipos o s\u00edmbolos universales compartidos por milenios. <\/p>\n<p>Los antiguos no ten\u00edan conflicto con lo comunitario, colaborativo y colectivo pues ve\u00edan que ese era el orden c\u00f3smico dominante en la naturaleza; si un depredador se exced\u00eda en la cacer\u00eda para el pr\u00f3ximo a\u00f1o podr\u00edan escasear las presas, si los humanos contaminamos el agua, ni humanos, ni vegetaci\u00f3n, ni animales podr\u00edan vivir en ese lugar y as\u00ed consecutivamente. Ninguna de nuestras acciones son del todo individuales o independientes, todas tienen consecuencias y sus repercusiones se extienden m\u00e1s all\u00e1 de nuestro control como las ondas que se generan al arrojar una roca al agua, podemos decidir arrojar o no la roca, e incluso en qu\u00e9 direcci\u00f3n ser\u00e1 enviada, pero jam\u00e1s tendremos el control absoluto sobre el impacto de sus ondas.<\/p>\n<p><em><strong>El ser humano no consigue regularse a s\u00ed mismo sin lo colectivo, as\u00ed como tampoco consigue conocerse completamente sin su comunidad<\/strong><\/em>, la interacci\u00f3n con otros es fundamental para nuestro desarrollo, en especial si estos comparten inquietudes, curiosidades y aficiones.<\/p>\n<p>Cuando encuentras un grupo que se adapta a tus intereses despiertas en ti un recuerdo antiguo, reconoces en la profundidad de tu ser un sentido de pertenencia, ese es el susurro de nuestros antepasados que nos recuerda que para avanzar debemos hacerlo unidos, porque nuestro progreso est\u00e1 limitado proporcionalmente por nuestra individualidad.<\/p>\n<p>Cuando aceptas el hecho de que compartir tu camino es un tremendo acto de humildad, vuelves a volcar tus ojos en la naturaleza &#8211; entonces observas &#8211; como animales, plantas y todo ser viviente coopera con la existencia del otro, eso no solo les ha asegurado la supervivencia, sino que tambi\u00e9n les ha permitido la evoluci\u00f3n.<\/p>\n<p>&nbsp;<\/p>\n<p><em><strong>\u00bfC\u00f3mo surge el Santuario?<\/strong><\/em><\/p>\n<p><em>La idea del\u00a0<strong>Santuario de la Diosa<\/strong>\u00a0nace como una inquietud compartida por los participantes de los c\u00edrculos de estudio sobre la <strong>Brujer\u00eda Pagana<\/strong> liderados por <strong>Holkroft\u00a0<\/strong>(o entre sus aprendices m\u00e1s cercanos), misma idea que con el paso de los a\u00f1os fue cobrando m\u00e1s fuerza, madurando y adquiriendo forma propia.<\/em><\/p>\n<p>Originalmente comienza a plantearse esta posibilidad en el c\u00edrculo estable de la ciudad de <em>Chill\u00e1n<\/em>. M\u00e1s tarde la idea se volver\u00eda itinerante, para posteriormente establecerse en la ciudad de <em>Santiago de Chile<\/em> donde por varios a\u00f1os se concentr\u00f3 la comunidad y se realizaban las actividades oficiales del\u00a0<strong>Santuario de la Diosa.<\/strong><\/p>\n<p>&nbsp;<\/p>\n<p><em><strong>\u00bfCu\u00e1ndo nace el Santuario?<\/strong><\/em><\/p>\n<p>La idea primigenia del\u00a0<strong>Santuario de la Diosa<\/strong>\u00a0comienza a hacer ecos dentro de los c\u00edrculos de estudio de <strong>Brujer\u00eda<\/strong> desde el<em> a\u00f1o 2010<\/em>, donde por primera vez se plantea la posibilidad de darle vida a un lugar de tal naturaleza.<\/p>\n<p>Esto emociona profundamente a los miembros m\u00e1s antiguos pues ven en esta instancia la posibilidad no solo de generar lazos con <strong>Paganos<\/strong> de otras corrientes, sino que tambi\u00e9n conseguir un espacio de contenci\u00f3n para todos los practicantes (solitarios o comunitarios).<\/p>\n<p>Es entonces en el a\u00f1o 2012 que <strong>Holkoft<\/strong> toma la iniciativa y comienza con la creaci\u00f3n de cursos regulares de <strong>Paganismo<\/strong> y <strong>Brujer\u00eda<\/strong> adem\u00e1s de convocar a todos los Paganos con los que mantiene contacto. Esta comunidad r\u00e1pidamente comienza a crecer y tomar fuerza, incluso personas de otros pa\u00edses comienzan a incorporarse, sin duda, hemos vivido muchas etapas como <strong>Santuario de la Diosa<\/strong> y entendemos que esto es parte de nuestro crecimiento y desarrollo.<\/p>\n\t\t\t\t<img decoding=\"async\" src=\"https:\/\/santuariodeladiosa.com\/wp-content\/uploads\/2023\/04\/santuario-banners-web-3.png\" alt=\"santuario banners web (3)\" itemprop=\"image\" title=\"santuario banners web (3)\" onerror=\"this.style.display='none'\" loading=\"lazy\" \/>\n\t<p><em><strong>Nuestra comunidad de estudiantes<\/strong><\/em><\/p>\n<p>Los cursos impartidos en el <em><strong>Santuario de la Diosa<\/strong><\/em> cuentan con una extensa malla curricular de contenidos (te\u00f3ricos y pr\u00e1cticos) que nuestros estudiantes deben conocer antes de aparecer en este listado que reconoce el m\u00e9rito de su dedicaci\u00f3n y compromiso con un estudio serio del <em>paganismo<\/em>, la <em>filosof\u00eda<\/em> y nuestra <em>comunidad<\/em>&#8230;.<\/p>\n<p><em><strong>\u00a1Gracias por ser parte de nuestro camino e historia!<\/strong><\/em><\/p>\n<p>&nbsp;<\/p>\n<p>&nbsp;<\/p>\n<p><em><strong>BRUJERIA ANCESTRAL (NIVEL I):<\/strong><\/em><\/p>\n<p><strong>Curso de Introducci\u00f3n a la Brujer\u00eda Ancestral <\/strong>(Grado Te\u00f3rico: no faculta para ense\u00f1ar la metodolog\u00eda, ni tradici\u00f3n)<\/p>\n<ul>\n<li><strong>Sebasti\u00e1n Herrera<\/strong> (egresado, generaci\u00f3n 2021). <strong>Cursando Nivel II.<\/strong><\/li>\n<li><strong>Maggie Espinoza<\/strong> (egresada, generaci\u00f3n 2021). <strong>Cursando Nivel II.<\/strong><\/li>\n<li><strong>Sebasti\u00e1n Cuevas<\/strong> (egresado, generaci\u00f3n 2021). <strong>Cursando Nivel II.<\/strong><\/li>\n<li><strong>Aryan Mu\u00f1oz<\/strong> (egresado, generaci\u00f3n 2021).<\/li>\n<li><strong>Evelyn L\u00f3pez<\/strong> (egresada, generaci\u00f3n 2021). <strong>Cursando Nivel II.<\/strong><\/li>\n<li><strong>Maureen Zbinden<\/strong> (egresada generaci\u00f3n 2022).<\/li>\n<li><strong>Loreto Valencia<\/strong> (egresada, generaci\u00f3n 2022).<\/li>\n<\/ul>\n<p>&nbsp;<\/p>\n<p><em><strong>BRUJERIA ANCESTRAL (NIVEL II):<\/strong><\/em><\/p>\n<p><strong>Curso de Iniciaci\u00f3n a la Brujer\u00eda Ancestral<\/strong> (Grado T\u00e9cnico: No faculta para ense\u00f1ar las practicas o t\u00e9cnicas aprendidas, ni transmitir la tradici\u00f3n)<\/p>\n<ul>\n<li><strong>Evelyn L\u00f3pez<\/strong> (cursando Nivel II).<\/li>\n<li><strong>Sebasti\u00e1n Herrera<\/strong> (cursando Nivel II).<\/li>\n<li><strong>Maggie Espinoza<\/strong> (cursando Nivel II).<\/li>\n<li><strong>Sebasti\u00e1n Cuevas<\/strong> (cursando Nivel II).<\/li>\n<\/ul>\n<p>&nbsp;<\/p>\n<p><em><strong>TAROT EGIPCIO:<\/strong><\/em><\/p>\n<ul>\n<li><strong>Loreto Valencia<\/strong> (Egresada generaci\u00f3n 2021).<\/li>\n<li><strong>Maggie Espinoza<\/strong>\u00a0(Egresada generaci\u00f3n 2021).<\/li>\n<li><strong>Ver\u00f3nica Poblete<\/strong> (Egresada generaci\u00f3n 2021).<\/li>\n<\/ul>\n\n","protected":false},"excerpt":{"rendered":"<p>El camino espiritual es un sendero solitario, la verdad es que nadie puede transitarlo por ti, es tu decisi\u00f3n y responsabilidad. A pesar de ello en el Paganismo\u00a0compartimos la b\u00fasqueda y nos acompa\u00f1amos en el proceso. Que sea un viaje solitario no implica que otros no lo hayan vivido antes y no puedan compartirnos su experiencia, los Paganos nos reunimos para apoyarnos en las distintas etapas de ese viaje, de esa b\u00fasqueda de sentido e identidad. Nuestros ancestros viv\u00edan en clanes y tribus porque sab\u00edan que el trabajo colaborativo nos ayuda a potenciar todas nuestras habilidades, y a reflejar nuestras flaquezas. Para los Paganos el individualismo no tiene sentido, todas las experiencias humanas tienen factores colectivos, nuestras estructuras de pensamiento, sociedad y cultural se basan en arquetipos o s\u00edmbolos universales compartidos por milenios. Los antiguos no ten\u00edan conflicto con lo comunitario, colaborativo y colectivo pues ve\u00edan que ese era el orden c\u00f3smico dominante en la naturaleza; si un depredador se exced\u00eda en la cacer\u00eda para el pr\u00f3ximo a\u00f1o podr\u00edan escasear las presas, si los humanos contaminamos el agua, ni humanos, ni vegetaci\u00f3n, ni animales podr\u00edan vivir en ese lugar y as\u00ed consecutivamente. Ninguna de nuestras acciones son del todo individuales o independientes, todas tienen consecuencias y sus repercusiones se extienden m\u00e1s all\u00e1 de nuestro control como las ondas que se generan al arrojar una roca al agua, podemos decidir arrojar o no la roca, e incluso en qu\u00e9 direcci\u00f3n ser\u00e1 enviada, pero jam\u00e1s tendremos el control absoluto sobre el impacto de sus ondas. El ser humano no consigue regularse a s\u00ed mismo sin lo colectivo, as\u00ed como tampoco consigue conocerse completamente sin su comunidad, la interacci\u00f3n con otros es fundamental para nuestro desarrollo, en especial si estos comparten inquietudes, curiosidades y aficiones. Cuando encuentras un grupo que se adapta a tus intereses despiertas en ti un recuerdo antiguo, reconoces en la profundidad de tu ser un sentido de pertenencia, ese es el susurro de nuestros antepasados que nos recuerda que para avanzar debemos hacerlo unidos, porque nuestro progreso est\u00e1 limitado proporcionalmente por nuestra individualidad. Cuando aceptas el hecho de que compartir tu camino es un tremendo acto de humildad, vuelves a volcar tus ojos en la naturaleza &#8211; entonces observas &#8211; como animales, plantas y todo ser viviente coopera con la existencia del otro, eso no solo les ha asegurado la supervivencia, sino que tambi\u00e9n les ha permitido la evoluci\u00f3n. &nbsp; \u00bfC\u00f3mo surge el Santuario? La idea del\u00a0Santuario de la Diosa\u00a0nace como una inquietud compartida por los participantes de los c\u00edrculos de estudio sobre la Brujer\u00eda Pagana liderados por Holkroft\u00a0(o entre sus aprendices m\u00e1s cercanos), misma idea que con el paso de los a\u00f1os fue cobrando m\u00e1s fuerza, madurando y adquiriendo forma propia. Originalmente comienza a plantearse esta posibilidad en el c\u00edrculo estable de la ciudad de Chill\u00e1n. M\u00e1s tarde la idea se volver\u00eda itinerante, para posteriormente establecerse en la ciudad de Santiago de Chile donde por varios a\u00f1os se concentr\u00f3 la comunidad y se realizaban las actividades oficiales del\u00a0Santuario de la Diosa. &nbsp; \u00bfCu\u00e1ndo nace el Santuario? La idea primigenia del\u00a0Santuario de la Diosa\u00a0comienza a hacer ecos dentro de los c\u00edrculos de estudio de Brujer\u00eda desde el a\u00f1o 2010, donde por primera vez se plantea la posibilidad de darle vida a un lugar de tal naturaleza. Esto emociona profundamente a los miembros m\u00e1s antiguos pues ven en esta instancia la posibilidad no solo de generar lazos con Paganos de otras corrientes, sino que tambi\u00e9n conseguir un espacio de contenci\u00f3n para todos los practicantes (solitarios o comunitarios). Es entonces en el a\u00f1o 2012 que Holkoft toma la iniciativa y comienza con la creaci\u00f3n de cursos regulares de Paganismo y Brujer\u00eda adem\u00e1s de convocar a todos los Paganos con los que mantiene contacto. Esta comunidad r\u00e1pidamente comienza a crecer y tomar fuerza, incluso personas de otros pa\u00edses comienzan a incorporarse, sin duda, hemos vivido muchas etapas como Santuario de la Diosa y entendemos que esto es parte de nuestro crecimiento y desarrollo. Nuestra comunidad de estudiantes Los cursos impartidos en el Santuario de la Diosa cuentan con una extensa malla curricular de contenidos (te\u00f3ricos y pr\u00e1cticos) que nuestros estudiantes deben conocer antes de aparecer en este listado que reconoce el m\u00e9rito de su dedicaci\u00f3n y compromiso con un estudio serio del paganismo, la filosof\u00eda y nuestra comunidad&#8230;. \u00a1Gracias por ser parte de nuestro camino e historia! &nbsp; &nbsp; BRUJERIA ANCESTRAL (NIVEL I): Curso de Introducci\u00f3n a la Brujer\u00eda Ancestral (Grado Te\u00f3rico: no faculta para ense\u00f1ar la metodolog\u00eda, ni tradici\u00f3n) Sebasti\u00e1n Herrera (egresado, generaci\u00f3n 2021). Cursando Nivel II. Maggie Espinoza (egresada, generaci\u00f3n 2021). Cursando Nivel II. Sebasti\u00e1n Cuevas (egresado, generaci\u00f3n 2021). Cursando Nivel II. Aryan Mu\u00f1oz (egresado, generaci\u00f3n 2021). Evelyn L\u00f3pez (egresada, generaci\u00f3n 2021). Cursando Nivel II. Maureen Zbinden (egresada generaci\u00f3n 2022). Loreto Valencia (egresada, generaci\u00f3n 2022). &nbsp; BRUJERIA ANCESTRAL (NIVEL II): Curso de Iniciaci\u00f3n a la Brujer\u00eda Ancestral (Grado T\u00e9cnico: No faculta para ense\u00f1ar las practicas o t\u00e9cnicas aprendidas, ni transmitir la tradici\u00f3n) Evelyn L\u00f3pez (cursando Nivel II). Sebasti\u00e1n Herrera (cursando Nivel II). Maggie Espinoza (cursando Nivel II). Sebasti\u00e1n Cuevas (cursando Nivel II). &nbsp; TAROT EGIPCIO: Loreto Valencia (Egresada generaci\u00f3n 2021). Maggie Espinoza\u00a0(Egresada generaci\u00f3n 2021). Ver\u00f3nica Poblete (Egresada generaci\u00f3n 2021).<\/p>\n","protected":false},"author":1,"featured_media":0,"parent":0,"menu_order":0,"comment_status":"closed","ping_status":"closed","template":"","meta":{"om_disable_all_campaigns":false},"acf":[],"_links":{"self":[{"href":"https:\/\/santuariodeladiosa.com\/index.php?rest_route=\/wp\/v2\/pages\/69"}],"collection":[{"href":"https:\/\/santuariodeladiosa.com\/index.php?rest_route=\/wp\/v2\/pages"}],"about":[{"href":"https:\/\/santuariodeladiosa.com\/index.php?rest_route=\/wp\/v2\/types\/page"}],"author":[{"embeddable":true,"href":"https:\/\/santuariodeladiosa.com\/index.php?rest_route=\/wp\/v2\/users\/1"}],"replies":[{"embeddable":true,"href":"https:\/\/santuariodeladiosa.com\/index.php?rest_route=%2Fwp%2Fv2%2Fcomments&post=69"}],"version-history":[{"count":11,"href":"https:\/\/santuariodeladiosa.com\/index.php?rest_route=\/wp\/v2\/pages\/69\/revisions"}],"predecessor-version":[{"id":467,"href":"https:\/\/santuariodeladiosa.com\/index.php?rest_route=\/wp\/v2\/pages\/69\/revisions\/467"}],"wp:attachment":[{"href":"https:\/\/santuariodeladiosa.com\/index.php?rest_route=%2Fwp%2Fv2%2Fmedia&parent=69"}],"curies":[{"name":"wp","href":"https:\/\/api.w.org\/{rel}","templated":true}]}}