{"id":534,"date":"2026-01-29T06:51:55","date_gmt":"2026-01-29T06:51:55","guid":{"rendered":"https:\/\/santuariodeladiosa.com\/?page_id=534"},"modified":"2026-01-29T06:54:25","modified_gmt":"2026-01-29T06:54:25","slug":"donaciones","status":"publish","type":"page","link":"https:\/\/santuariodeladiosa.com\/?page_id=534","title":{"rendered":"Donaciones"},"content":{"rendered":"\n\n\t\t\t\t<img decoding=\"async\" src=\"https:\/\/santuariodeladiosa.com\/wp-content\/uploads\/2026\/01\/Aportes.png\" alt=\"Aportes\" itemprop=\"image\" height=\"1000\" width=\"1300\" title=\"Aportes\" onerror=\"this.style.display='none'\" loading=\"lazy\" \/>\n\t<p><em>El <strong>Santuario de la Diosa<\/strong> funciona de manera particular y desde la autogesti\u00f3n (no recibe aportes estatales). <strong>Existen varias maneras en las cuales puedes colaborar<\/strong> para que podamos continuar con nuestro trabajo. T<\/em><em>uvimos que estar fuera de servicio por tres a\u00f1os a falta de fondos que permitieran sostener el proyecto <strong>\u00a1y no quisi\u00e9ramos que se vuelva a repetir! <\/strong><\/em><\/p>\n<p><em><strong>Aporta lo que puedas: <\/strong>s<\/em><em>i consideradas que nuestra contribuci\u00f3n es valiosa y necesaria para la comunidad. <strong>Ven a conocernos<\/strong> y <strong>participa en las actividades<\/strong> que organizamos&#8230;<\/em><\/p>\n<p>&nbsp;<\/p>\n<p><strong><em>Opci\u00f3n 1:<\/em><\/strong><\/p>\n<p><strong>Comenta<\/strong> y <strong><em>comparte<\/em> <\/strong>tu experiencia en el <strong><em>Santuario de la Diosa<\/em><\/strong>, inspira a otros para que vengan. <strong>Tu recomendaci\u00f3n es la mejor carta de presentaci\u00f3n<\/strong> para que quien no nos conoce a\u00fan, tenga la confianza para acercarse. <em><strong>Un testimonio sincero es la mejor publicidad.<\/strong><\/em><\/p>\n<p>&nbsp;<\/p>\n<p><em><strong>Opci\u00f3n 2:<\/strong><\/em><\/p>\n<p><em><strong>Reacciona a nuestras redes sociales<\/strong><\/em> <em>\u00a1a ti solo te tomar\u00e1 un minuto!<\/em>, nosotros realmente trabajamos creando contenido. <em><strong>Guarda<\/strong> <\/em>+ <em><strong>Comparte<\/strong> <\/em>+ <em><strong>Comenta<\/strong><\/em>.<strong> R<\/strong><em><strong>ealmente marca la diferencia:<\/strong> queremos saber que hay alguien al otro lado de la pantalla apreciando nuestro trabajo.<\/em><\/p>\n<p>&nbsp;<\/p>\n<p><em><strong>Opci\u00f3n 3:<\/strong><\/em><\/p>\n<p><em><strong>Participa en alguno de nuestros cursos o suscr\u00edbete a alguna membres\u00eda<\/strong><\/em> del <strong><em>Santuario de la Diosa<\/em><\/strong>. Tu aporte nos permite mantener activos nuestros cursos y actividades&#8230;<\/p>\n<p>&nbsp;<\/p>\n<p><em><strong>Opci\u00f3n 4:<\/strong><\/em><\/p>\n<p>Realiza una<strong> donaci\u00f3n voluntaria<\/strong> mediante <strong>Paypal<\/strong>.<\/p>\n\t\t\t\t<a href=\"https:\/\/www.paypal.com\/paypalme\/holkroft\" target=\"_self\" itemprop=\"url\" rel=\"noopener\">\n\t\t\t\t<img decoding=\"async\" src=\"https:\/\/santuariodeladiosa.com\/wp-content\/uploads\/2026\/01\/botones-widget-santuario-2.png\" alt=\"botones widget santuario (2)\" itemprop=\"image\" height=\"315\" width=\"851\" title=\"botones widget santuario (2)\" onerror=\"this.style.display='none'\" loading=\"lazy\" \/>\n\t\t\t\t<\/a>\n\n","protected":false},"excerpt":{"rendered":"<p>El Santuario de la Diosa funciona de manera particular y desde la autogesti\u00f3n (no recibe aportes estatales). Existen varias maneras en las cuales puedes colaborar para que podamos continuar con nuestro trabajo. Tuvimos que estar fuera de servicio por tres a\u00f1os a falta de fondos que permitieran sostener el proyecto \u00a1y no quisi\u00e9ramos que se vuelva a repetir! Aporta lo que puedas: si consideradas que nuestra contribuci\u00f3n es valiosa y necesaria para la comunidad. Ven a conocernos y participa en las actividades que organizamos&#8230; &nbsp; Opci\u00f3n 1: Comenta y comparte tu experiencia en el Santuario de la Diosa, inspira a otros para que vengan. Tu recomendaci\u00f3n es la mejor carta de presentaci\u00f3n para que quien no nos conoce a\u00fan, tenga la confianza para acercarse. Un testimonio sincero es la mejor publicidad. &nbsp; Opci\u00f3n 2: Reacciona a nuestras redes sociales \u00a1a ti solo te tomar\u00e1 un minuto!, nosotros realmente trabajamos creando contenido. Guarda + Comparte + Comenta. Realmente marca la diferencia: queremos saber que hay alguien al otro lado de la pantalla apreciando nuestro trabajo. &nbsp; Opci\u00f3n 3: Participa en alguno de nuestros cursos o suscr\u00edbete a alguna membres\u00eda del Santuario de la Diosa. Tu aporte nos permite mantener activos nuestros cursos y actividades&#8230; &nbsp; Opci\u00f3n 4: Realiza una donaci\u00f3n voluntaria mediante Paypal.<\/p>\n","protected":false},"author":1,"featured_media":0,"parent":0,"menu_order":0,"comment_status":"closed","ping_status":"closed","template":"","meta":{"om_disable_all_campaigns":false},"acf":[],"_links":{"self":[{"href":"https:\/\/santuariodeladiosa.com\/index.php?rest_route=\/wp\/v2\/pages\/534"}],"collection":[{"href":"https:\/\/santuariodeladiosa.com\/index.php?rest_route=\/wp\/v2\/pages"}],"about":[{"href":"https:\/\/santuariodeladiosa.com\/index.php?rest_route=\/wp\/v2\/types\/page"}],"author":[{"embeddable":true,"href":"https:\/\/santuariodeladiosa.com\/index.php?rest_route=\/wp\/v2\/users\/1"}],"replies":[{"embeddable":true,"href":"https:\/\/santuariodeladiosa.com\/index.php?rest_route=%2Fwp%2Fv2%2Fcomments&post=534"}],"version-history":[{"count":3,"href":"https:\/\/santuariodeladiosa.com\/index.php?rest_route=\/wp\/v2\/pages\/534\/revisions"}],"predecessor-version":[{"id":539,"href":"https:\/\/santuariodeladiosa.com\/index.php?rest_route=\/wp\/v2\/pages\/534\/revisions\/539"}],"wp:attachment":[{"href":"https:\/\/santuariodeladiosa.com\/index.php?rest_route=%2Fwp%2Fv2%2Fmedia&parent=534"}],"curies":[{"name":"wp","href":"https:\/\/api.w.org\/{rel}","templated":true}]}}