{"id":499,"date":"2026-01-29T04:54:37","date_gmt":"2026-01-29T04:54:37","guid":{"rendered":"https:\/\/santuariodeladiosa.com\/?page_id=499"},"modified":"2026-01-29T05:06:08","modified_gmt":"2026-01-29T05:06:08","slug":"blog-pagano","status":"publish","type":"page","link":"https:\/\/santuariodeladiosa.com\/?page_id=499","title":{"rendered":"Blog Pagano"},"content":{"rendered":"\n\n\t\t\t\t<img decoding=\"async\" src=\"https:\/\/santuariodeladiosa.com\/wp-content\/uploads\/2026\/01\/Blog-Pagano.png\" alt=\"Blog Pagano\" itemprop=\"image\" height=\"1000\" width=\"1300\" title=\"Blog Pagano\" onerror=\"this.style.display='none'\" loading=\"lazy\" \/>\n\t<p>Encuentra <em><strong>art\u00edculos<\/strong> <\/em>o <em><strong>reflexiones<\/strong> paganas<\/em> escritas por <em><strong>Holkroft<\/strong> <\/em>para sus estudiantes&#8230;<\/p>\n\t<ul>\n<li><a href=\"https:\/\/santuariodeladiosa.com\/?p=248\"><em><\/em><em><\/em><em><\/em><em><strong>Las Brujas que no pudieron quemar.<\/strong><\/em><\/a><br \/>\n<hr \/>\n<\/li>\n<li><a href=\"https:\/\/santuariodeladiosa.com\/?p=244\"><em><\/em><em><\/em><em><\/em><em><strong>La sabidur\u00eda de la Naturaleza.<\/strong><\/em><\/a><br \/>\n<hr \/>\n<\/li>\n<li><a href=\"https:\/\/santuariodeladiosa.com\/?p=241\"><em><\/em><em><\/em><em><strong>El camino de la Brujer\u00eda.<\/strong><\/em><\/a><br \/>\n<hr \/>\n<\/li>\n<li><a href=\"https:\/\/santuariodeladiosa.com\/?p=237\"><em><\/em><em><strong>Detr\u00e1s de la Brujer\u00eda Ancestral.<\/strong><\/em><\/a><br \/>\n<hr \/>\n<\/li>\n<li><a href=\"https:\/\/santuariodeladiosa.com\/?p=235\"><em><\/em><em><strong>El ciclo del Eterno Retorno.<\/strong><\/em><\/a><br \/>\n<hr \/>\n<\/li>\n<li><a href=\"https:\/\/santuariodeladiosa.com\/?p=233\"><em><\/em><em><strong>Lo que dicen de las Brujas.<\/strong><\/em><\/a><br \/>\n<hr \/>\n<\/li>\n<li><a href=\"https:\/\/santuariodeladiosa.com\/?p=168\"><em><\/em><em><strong>El t\u00edtulo de Brujo.<\/strong><\/em><\/a><br \/>\n<hr \/>\n<\/li>\n<li><a href=\"https:\/\/santuariodeladiosa.com\/?p=162\"><em><\/em><em><strong>La magia en Internet.<\/strong><\/em><\/a><br \/>\n<hr \/>\n<\/li>\n<li><a href=\"https:\/\/santuariodeladiosa.com\/?p=158\"><em><strong>Sobre la Magia Natural.<\/strong><\/em><\/a><\/li>\n<\/ul>\n\n","protected":false},"excerpt":{"rendered":"<p>Encuentra art\u00edculos o reflexiones paganas escritas por Holkroft para sus estudiantes&#8230; Las Brujas que no pudieron quemar. La sabidur\u00eda de la Naturaleza. El camino de la Brujer\u00eda. Detr\u00e1s de la Brujer\u00eda Ancestral. El ciclo del Eterno Retorno. Lo que dicen de las Brujas. El t\u00edtulo de Brujo. La magia en Internet. Sobre la Magia Natural.<\/p>\n","protected":false},"author":1,"featured_media":0,"parent":0,"menu_order":0,"comment_status":"closed","ping_status":"closed","template":"","meta":{"om_disable_all_campaigns":false},"acf":[],"_links":{"self":[{"href":"https:\/\/santuariodeladiosa.com\/index.php?rest_route=\/wp\/v2\/pages\/499"}],"collection":[{"href":"https:\/\/santuariodeladiosa.com\/index.php?rest_route=\/wp\/v2\/pages"}],"about":[{"href":"https:\/\/santuariodeladiosa.com\/index.php?rest_route=\/wp\/v2\/types\/page"}],"author":[{"embeddable":true,"href":"https:\/\/santuariodeladiosa.com\/index.php?rest_route=\/wp\/v2\/users\/1"}],"replies":[{"embeddable":true,"href":"https:\/\/santuariodeladiosa.com\/index.php?rest_route=%2Fwp%2Fv2%2Fcomments&post=499"}],"version-history":[{"count":4,"href":"https:\/\/santuariodeladiosa.com\/index.php?rest_route=\/wp\/v2\/pages\/499\/revisions"}],"predecessor-version":[{"id":505,"href":"https:\/\/santuariodeladiosa.com\/index.php?rest_route=\/wp\/v2\/pages\/499\/revisions\/505"}],"wp:attachment":[{"href":"https:\/\/santuariodeladiosa.com\/index.php?rest_route=%2Fwp%2Fv2%2Fmedia&parent=499"}],"curies":[{"name":"wp","href":"https:\/\/api.w.org\/{rel}","templated":true}]}}